ase 14, what is 45 - -d4?
139
In base 7, what is 543 + 2?
545
In base 9, what is -4718 + 0?
-4718
In base 6, what is 3120 - 4?
3112
In base 12, what is 21 - 1?
20
In base 8, what is -2 - -7?
5
In base 10, what is 12 + 263?
275
In base 10, what is -226 - -40?
-186
In base 14, what is -a + 99?
8d
In base 15, what is -10db - 1?
-10dc
In base 11, what is 2 + -2a8?
-2a6
In base 13, what is 4 - 28?
-24
In base 15, what is -75b1 - -4?
-75ac
In base 11, what is 76 - -96?
161
In base 11, what is -7 - 227?
-233
In base 10, what is -4 + 50?
46
In base 14, what is 1 - 84?
-83
In base 7, what is 3 + -222?
-216
In base 5, what is 10 - 2?
3
In base 6, what is -531 + -1?
-532
In base 5, what is -4 - 1032?
-1041
In base 11, what is -11a + -4?
-123
In base 12, what is 22 - 1b?
3
In base 15, what is -23 + -65?
-88
In base 7, what is 1 - -556?
560
In base 3, what is -1210 + 11?
-1122
In base 16, what is 2 - -57?
59
In base 6, what is -24 - -11?
-13
In base 14, what is -c + 1?
-b
In base 8, what is 47 + 24?
73
In base 12, what is 2 + 419?
41b
In base 5, what is 3101 + 10?
3111
In base 10, what is -5 + 519?
514
In base 7, what is -106 - -6?
-100
In base 14, what is -3 - -562?
55d
In base 3, what is -220 - -112?
-101
In base 11, what is -14 + -249?
-262
In base 16, what is -15a + -1?
-15b
In base 16, what is -f - 40?
-4f
In base 4, what is -3300003 - -11?
-3233332
In base 11, what is 16 + 0?
16
In base 4, what is 3 - 1201200?
-1201131
In base 4, what is -11 - -3112?
3101
In base 15, what is -77c - -5?
-777
In base 11, what is 1121 - -5?
1126
In base 12, what is -3 + -63?
-66
In base 12, what is -7 + 90?
85
In base 15, what is -60 + 3?
-5c
In base 12, what is 4a - -1?
4b
In base 4, what is -11 + -32121?
-32132
In base 7, what is -156 - -103?
-53
In base 8, what is -22 + 440?
416
In base 10, what is 20387 - -4?
20391
In base 15, what is e3 - -d?
101
In base 16, what is 0 + -17?
-17
In base 11, what is 481 - -12?
493
In base 2, what is 110011010111100 - -11?
110011010111111
In base 14, what is 1 - -4c7?
4c8
In base 12, what is -31 - -6?
-27
In base 13, what is -1c + -8?
-27
In base 16, what is -19 - 0?
-19
In base 9, what is -5 - -60?
54
In base 14, what is -101 - -3?
-dc
In base 3, what is 102112 - 10?
102102
In base 13, what is 149 + 2?
14b
In base 3, what is 11 - 11?
0
In base 11, what is -11 + -18?
-29
In base 3, what is -21002001 + 0?
-21002001
In base 9, what is 1212 + -7?
1204
In base 6, what is 4 - 52?
-44
In base 8, what is -2710 + 3?
-2705
In base 15, what is 3e0 - 4?
3db
In base 15, what is -4d8 + -5?
-4dd
In base 13, what is -18b - -2?
-189
In base 11, what is -5 + 8?
3
In base 13, what is -15 - -1a4?
18c
In base 11, what is 0 - -2?
2
In base 5, what is 22321 - -4?
22330
In base 14, what is -10 - -34?
24
In base 12, what is -126 + -a3?
-209
In base 16, what is 2 - -13a?
13c
In base 8, what is 2064 - -4?
2070
In base 6, what is 24 + 1312?
1340
In base 15, what is 76 + 5?
7b
In base 15, what is 6e + -1?
6d
In base 8, what is -2622 - -4?
-2616
In base 2, what is 1000000100011 - 0?
1000000100011
In base 8, what is -3 + 204?
201
In base 6, what is -1013 + 0?
-1013
In base 9, what is 300 - 23?
266
In base 13, what is 11 + -153?
-142
In base 7, what is 1 + 22?
23
In base 4, what is -312 - 3?
-321
In base 14, what is -17 + 56?
3d
In base 15, what is -9 - -1d?
14
In base 15, what is -21 + 6?
-1a
In base 11, what is -408 - -5?
-403
In base 10, what is -7 + 4?
-3
In base 15, what is -77 - -5?
-72
In base 12, what is 3 + -5b?
-58
In base 4, what is -2120 + 11?
-2103
In base 7, what is 54 + 2?
56
In base 9, what is 143 - -16?
160
In base 14, what is -89 + -2?
-8b
In base 13, what is 4b - -87?
105
In base 6, what is 1104 + 51?
1155
In base 12, what is -1a + -2b?
-49
In base 5, what is 322 + -2?
320
In base 14, what is 18a + 4?
190
In base 11, what is 1018 + 1?
1019
In base 16, what is 0 + 8d?
8d
In base 3, what is -1 + 21222?
21221
In base 12, what is -2 - -601?
5bb
In base 8, what is 40 + 720?
760
In base 6, what is -240 + -4?
-244
In base 11, what is 3 - -840?
843
In base 16, what is 4a - -42?
8c
In base 2, what is -1001111011 + -10?
-1001111101
In base 4, what is -201201 + -1?
-201202
In base 14, what is 16 + -98?
-82
In base 9, what is 5843 - 0?
5843
In base 16, what is -2 - -3?
1
In base 5, what is 22 - 1004?
-432
In base 4, what is -2 + -1133?
-1201
In base 8, what is -44 - 2?
-46
In base 14, what is -5 + 277?
272
In base 2, what is 1 + -1100011010110?
-1100011010101
In base 15, what is -2 + -105a?
-105c
In base 3, what is 122 + 20?
212
In base 3, what is 11100 - -11?
11111
In base 2, what is -111000 + 11?
-110101
In base 7, what is -3 - 514?
-520
In base 3, what is -10 + -10010?
-10020
In base 12, what is -43 + 9?
-36
In base 6, what is 1 - -54?
55
In base 8, what is 2 - -14?
16
In base 14, what is -bb6 + -2?
-bb8
In base 3, what is -21210 - -10?
-21200
In base 7, what is 5 - -3200?
3205
In base 5, what is 233 - -133?
421
In base 10, what is 3961 - 2?
3959
In base 15, what is -11 + 31d?
30c
In base 6, what is 4 - 4355?
-4351
In base 6, what is -25523 + 0?
-25523
In base 7, what is -525 + 6?
-516
In base 7, what is 3 + -25655?
-25652
In base 14, what is -15a0 - -5?
-1599
In base 10, what is -7 - -7?
0
In base 16, what is b6 + 3?
b9
In base 14, what is d38 + -5?
d33
In base 10, what is -16 + -2?
-18
In base 3, what is 10 - -12002?
12012
In base 11, what is 5 + -1607?
-1602
In base 10, what is 4 - 500?
-496
In base 13, what is -a + 4c?
42
In base 5, what is -2442 - 10?
-3002
In base 15, what is -2 + 6?
4
In base 9, what is -8 - -5?
-3
In base 8, what is -72 + 4?
-66
In base 12, what is 4 - -40?
44
In base 12, what is -140 + -2?
-142
In base 10, what is 242 + -39?
203
In base 10, what is 5 + -1094?
-1089
In base 16, what is -17 - 17?
-2e
In base 10, what is -16 - -70?
54
In base 13, what is 24 + 2?
26
In base 12, what is -4 - 36?
-3a
In base 6, what is 33 - -52?
125
In base 16, what is -d - e?
-1b
In base 15, what is -2 - 1cd?
-1d0
In base 4, what is -30230 - 3?
-30233
In base 7, what is -3 - -30?
24
In base 13, what is 1 + 371?
372
In base 10, what is 332 + -1?
331
In base 15, what is -a39 + 2?
-a37
In base 15, what is -156 + -4?
-15a
In base 10, what is -9 - -310?
301
In base 3, what is 221011222 - 1?
221011221
In base 15, what is -34 + -6?
-3a
In base 14, what is -26d4 - 0?
-26d4
In base 12, what is 3 + -31?
-2a
In base 9, what is -42 - 22?
-64
In base 4, what is 1320 - 102?
1212
In base 5, what is -300 + -110?
-410
In base 7, what is -2 + -216?
-221
In base 12, what is 3 + -5a?
-57
In base 2, what is 10010010 + -1000?
10001010
In base 6, what is 5 - 134?
-125
In base 3, what is -11 + 1200022?
1200011
In base 9, what is -42187 + -5?
-42203
In base 7, what is 366 + -62?
304
In base 2, what is 101011010 + 10?
101011100
In base 13, what is -4ba - 1?
-4bb
In base 3, what is -1 + 1?
0
In base 10, what is 4 + -107?
-103
In base 5, what is 4 - 3?
1
In base 5, what is 31 + -103?
-22
In base 3, what is -10 + 212120?
212110
In base 5, what is -3 + 244123?
244120
In base 4, what is 2 + 10221?
10223
In base 15, what is 21 + -a?
16
In base 11, what is -4 + 142?
139
In base 2, what is -1101 - 100111111?
-101001100
In base 10, what is 306 + 1?
307
In base 10, what is 16 + -73?
-57
In base 13, what is -2 + -1a3?
-1a5
In base 4, what is 122 - 1101?
-313
In base 6, what is 10435 - -2?
10441
In base 5, what is -31 + 22?
-4
In base 3, what is 12 - -101211?
102000
In base 10, what is 72 - -38?
110
In base 8, what is -16070 + 0?
-16070
In base 8, what is 2677 - -2?
2701
In base 6, what is -54 + -12?
-110
In base 16, what is -2d + 2?
-2b
In base 5, what is -11210 + -2?
-11212
In base 12, what is 130 + -8?
124
In base 5, what is -1234 + 13?
-1221
In base 2, what is -10100 - 110110?
-1001010
In base 10, what is 20 - -12?
32
In base 6, what is 4 - -141?
145
In base 14, what is -15 + -ab?
-c2
In base 7, what is -41 - -24?
-14
In base 7, what is -5553 - 0?
-5553
In base 6, what is -125 + 11?
-114
In base 3, what is 120 + -101?
12
In base 2, what is -110 + -10110?
-11100
In base 5, what is -12 + 43?
31
In base 13, what is 8 + 0?
8
In base 6, what is -23 - 33?
-100
In base 8, what is -3 + 1?
-2
In base 6, what is -5 - 2543?
-2552
In base 4, what is -22301 - 10?
-22311
In base 9, what is 15